te n(-27).
-4
Let z(f) = -f**3 + 3*f**2 + 24*f - 28. What is z(11)?
-732
Let f(q) = -3*q**3 - 10*q**2 - 6*q + 6. Give f(-3).
15
Let p(a) = 3*a**2 - 28*a - 1339. Determine p(-17).
4
Let f(n) = n**3 + 7*n**2 - 398*n - 1233. What is f(-3)?
-3
Let x(n) = 8111*n + 259550. Give x(-32).
-2
Let y(x) = -x**3 - 7*x**2 + 95*x - 32. Determine y(-14).
10
Let f(i) = -i**3 + 33*i**2 - 27*i - 15. Calculate f(32).
145
Let w(g) = g**3 - 25*g**2 + 66*g + 6. Determine w(22).
6
Let g(r) = r**2 + 92*r - 809. Calculate g(11).
324
Let d(f) = f + 163. Calculate d(-95).
68
Let m(a) = 7*a**2 + 172*a + 67. Give m(-22).
-329
Let l(r) = -3*r**3 - 305*r**2 - 205*r - 299. Give l(-101).
4
Let y(t) = t**3 - 4*t**2 - 7*t - 1. Calculate y(-4).
-101
Let b(v) = -v**2 - 217*v - 839. Give b(-4).
13
Let w(q) = -6*q**2 - 75*q + 171. Calculate w(2).
-3
Let y(l) = -35*l**2 - 283*l - 30. Determine y(-8).
-6
Let r(g) = 41*g**2 - 26*g + 61. Give r(3).
352
Let f(a) = 2*a**2 - 45*a + 29. Calculate f(16).
-179
Let h(b) = -4451*b - 53418. Give h(-12).
-6
Let s(c) = 4*c**3 - 3*c**2 - 122*c + 4. Calculate s(-5).
39
Let r(j) = -2*j**3 - 160*j**2 - 2*j - 165. Give r(-80).
-5
Let u(b) = 2*b**2 - 241*b + 1372. Give u(6).
-2
Let i(g) = 2*g**2 - 91*g + 1002. Calculate i(27).
3
Let d(m) = -54*m - 320. Calculate d(-6).
4
Let u(r) = -100*r + 311. What is u(4)?
-89
Let j(u) = u**3 + 11*u**2 + 275*u + 2286. What is j(-9)?
-27
Let q(a) = -3*a**3 - 10*a**2 - 28*a - 45. Give q(-8).
1075
Let s(z) = 13*z**2 - 203*z + 300. Determine s(14).
6
Let t(q) = -20*q + 303. What is t(25)?
-197
Let a(w) = -16*w**2 + 72*w + 56. Give a(7).
-224
Let u(z) = -z**3 - 13*z**2 - 44*z - 38. Give u(-4).
-6
Let f(p) = -10*p**3 + 2*p**2 - 51*p - 105. What is f(-2)?
85
Let b(d) = -14*d**2 - 18*d + 16. Determine b(1).
-16
Let o(c) = 13*c**2 + 1267*c - 682. Determine o(-98).
4
Let g(s) = 1151*s - 2223. Calculate g(2).
79
Let m(i) = -i**3 + 34*i**2 - 34*i + 79. Calculate m(33).
46
Let j(z) = z**3 + 8*z**2 + 48*z + 7. Determine j(-5).
-158
Let r(a) = -29*a**2 + 69*a + 745. Calculate r(-4).
5
Let x(v) = -v**2 - 35*v + 4115. Calculate x(-84).
-1
Let a(z) = 42*z + 493. Calculate a(-13).
-53
Let q(x) = -x**2 - 28*x + 1568. What is q(-56)?
0
Let h(u) = -15*u**3 - 116*u**2 + 30*u - 10. Calculate h(-8).
6
Let b(c) = -c**2 + 108*c - 2624. What is b(37)?
3
Let s(w) = 13*w**3 - 19*w**2 - 21*w - 3. Calculate s(-1).
-14
Let l(s) = -4*s**2 - 30*s - 29. Give l(-1).
-3
Let l(k) = -8*k + 119. What is l(18)?
-25
Let n(o) = 9*o**2 + 19*o - 6. Calculate n(4).
214
Let t(q) = -162*q - 1. What is t(-1)?
161
Let s(i) = 3*i**2 + 20*i + 36. What is s(-3)?
3
Let y(t) = t**3 + 1174*t**2 + 8166*t - 17. Determine y(-7).
4
Let g(b) = 2*b**2 + 10*b - 1955. Give g(-34).
17
Let s(m) = 2*m**3 + 122*m**2 - 658*m + 114. Determine s(-66).
-18
Let s(m) = -m**2 + 15*m - 53. Determine s(8).
3
Let x(y) = y**2 - 128*y + 1697. Calculate x(113).
2
Let q(w) = -w**2 + 33*w - 215. Determine q(10).
15
Let c(r) = 2*r**2 + 7*r + 5. Give c(-6).
35
Let l(w) = -126*w + 731. What is l(6)?
-25
Let a(y) = 134*y + 195. What is a(-8)?
-877
Let c(t) = t**2 + 8*t - 2312. Calculate c(44).
-24
Let d(m) = m**2 - 47*m - 950. What is d(-16)?
58
Let v(r) = -7*r**3 - 3*r**2 - 9*r - 19. Calculate v(-4).
417
Let o(n) = -n**3 + n**2 - 14*n + 49. Determine o(0).
49
Let r(n) = -n**3 + 23*n**2 + n + 98. Give r(23).
121
Let j(f) = f**3 - 24*f**2 + 51*f - 55. What is j(22)?
99
Let w(d) = 406*d + 5331. Give w(-13).
53
Let k(w) = 84*w - 14. Determine k(0).
-14
Let b(o) = -4*o**2 - 508*o + 1045. Give b(-129).
13
Let k(t) = -27*t - 14. Calculate k(-4).
94
Let q(g) = 76*g**3 - g**2 + 5*g - 3. Give q(1).
77
Let l(m) = 228*m + 16184. Calculate l(-71).
-4
Let k(j) = j**3 - 57*j**2 + 815*j + 31. What is k(23)?
790
Let q(g) = -g**3 - 60*g**2 + 3*g + 186. What is q(-60)?
6
Let n(k) = -270*k - 2696. What is n(-10)?
4
Let g(u) = -112*u**3 + 2*u**2 + 18*u + 17. Calculate g(-1).
113
Let b(j) = -10*j**2 - 151*j + 28. Give b(-15).
43
Let o(b) = b**2 + 13*b + 47. What is o(-6)?
5
Let z(b) = -b**3 + 10*b**2 + 24*b - 24. Give z(11).
119
Let n(i) = i**2 + 320*i + 17152. Calculate n(-68).
16
Let n(m) = -297*m - 4468. What is n(-15)?
-13
Let l(h) = 3*h**3 + 6*h**2 - 296*h + 18. What is l(-11)?
7
Let c(a) = a**2 - 42*a - 411. What is c(-8)?
-11
Let u(l) = 7*l**2 + 569*l - 4139. Determine u(-88).
-3
Let h(m) = 43*m + 524. What is h(-9)?
137
Let w(c) = 7*c**3 - 37*c**2 + 15*c - 24. What is w(5)?
1
Let d(f) = 3*f**2 + 8*f - 11. What is d(-6)?
49
Let f(t) = 2533*t + 7599. Calculate f(-3).
0
Let b(x) = 8*x**2 - 3*x + 14. Give b(2).
40
Let q(g) = -g**2 - 4*g + 74. What is q(6)?
14
Let c(t) = t**3 + 10*t**2 - 43*t - 80. Determine c(-12).
148
Let o(a) = -a**3 + 30*a**2 + 31*a - 11. Give o(31).
-11
Let z(c) = -c**3 - 6*c**2 - 54*c - 930. Calculate z(-10).
10
Let o(j) = -j**2 - 2*j + 521. What is o(-24)?
-7
Let i(o) = 232*o + 10. Determine i(1).
242
Let k(n) = 2959*n - 14797. Give k(5).
-2
Let a(w) = 2*w**3 + 61*w**2 + 26*w - 121. Calculate a(-30).
-1
Let p(i) = -241*i - 11807. Calculate p(-49).
2
Let r(y) = 2*y**3 - 5*y**2 - 86*y - 12. Give r(8).
4
Let o(n) = -2*n**3 - 60*n**2 - 47*n + 14. Calculate o(-1).
3
Let f(q) = -q**2 - 944*q + 3809. Determine f(4).
17
Let q(d) = -4381*d - 21904. Determine q(-5).
1
Let j(q) = -2*q**3 + 7*q**2 - 5*q + 7. What is j(2)?
9
Let n(t) = 98*t**2 + 319*t + 59. Calculate n(-3).
-16
Let g(u) = 19*u**2 - 1519*u - 83. Determine g(80).
-3
Let d(s) = -s**3 - 10*s**2 + 22*s + 212. What is d(-11)?
91
Let h(q) = q**3 - 36*q**2 - 38*q - 33. Determine h(37).
-70
Let k(u) = -u**3 - 39*u**2 - 174*u - 153. What is k(-34)?
-17
Let l(y) = 2*y**2 + 126*y + 1224. What is l(-51)?
0
Let v(y) = -8*y**2 + 38*y - 103. Calculate v(7).
-229
Let b(k) = -144*k**2 + 571*k - 2. Give b(4).
-22
Let m(p) = -12*p - 417. Calculate m(-37).
27
Let s(l) = -217*l**2 - 1079*l - 29. Give s(-5).
-59
Let g(k) = -2*k**3 + 74*k**2 - 83. Calculate g(37).
-83
Let q(w) = w**2 + 14*w + 40. Determine q(-32).
616
Let d(b) = 2*b**3 - 14*b**2 - 2*b - 3. Determine d(8).
109
Let a(l) = 20*l - 33. Give a(5).
67
Let m(v) = 49*v - 98. Calculate m(5).
147
Let k(z) = -186*z - 372. Determine k(-2).
0
Let u(o) = o**2 - 32*o + 591. Calculate u(13).
344
Let x(c) = -c**3 - 9*c**2 - c - 2. Determine x(-7).
-93
Let d(b) = -2*b**2 - 168*b - 352. What is d(-83)?
-186
Let m(r) = 3*r**2 + 395*r + 3985. Determine m(-11).
3
Let y(b) = 25*b**2 - 2*b + 3. What is y(-3)?
234
Let k(f) = -493*f + 3947. Calculate k(8).
3
Let f(q) = -785*q - 6285. What is f(-8)?
-5
Let m(k) = 2*k**2 - 116*k - 329. Determine m(62).
167
Let p(n) = 3*n**2 + 393*n + 2933. What is p(-123)?
-19
Let b(d) = -d**3 - d**2 + 25*d + 9. Calculate b(4).
29
Let i(n) = n**3 - 36*n**2 - 265*n - 46. Calculate i(-7).
-298
Let r(p) = -p**2 + 25*p + 219. Give r(-7).
-5
Let y(q) = 218*q**2 + 3*q - 16. Determine y(0).
-16
Let s(u) = -2*u - 195. Give s(-13).
-169
Let o(m) = -70*m - 1709. Give o(-25).
41
Let j(a) = -2*a**2 + 116*a - 398. Calculate j(53).
132
Let j(t) = -240*t - 22085. What is j(-92)?
-5
Let b(i) = 5*i**3 - 8*i**2 - 2*i - 2. Give b(3).
55
Let r(n) = -2*n**2 + 48*n - 173. What is r(21)?
-47
Let u(f) = -f**3 + 14*f**2 + 23*f + 74. Determine u(16).
-70
Let b(y) = 806*y - 632. Calculate b(1).
174
Let w(t) = t**2 + 46*t + 779. What is w(-29)?
286
Let j(s) = -2*s**2 - 32*s + 326. What is j(8)?
-58
Let g(x) = -x**3 + 28*x**2 + 133*x - 164. Calculate g(32).
-4
Let k(a) = a**3 - 54*a**2 - 234*a + 68. What is k(58)?
-48
Let y(h) = 313*h**2 - 273*h - 2. Give y(1).
38
Let w(c) = -359*c**3 + 6*c - 3. Calculate w(1).
-356
Let f(k) = 3*k**2 + 26*k - 677. Calculate f(-20).
3
Let f(i) = 2*i**3 - 277*i**2 + 140*i - 259. Calculate f(138).
17
Let n(g) = 4*g**2 + 101*g + 208. What is n(-21)?
-149
Let y(j) = -2*j**3 + 15*j**2 - 9*j + 23. Give y(7).
9
Let u(a) = -a**2 + 104*a - 2381. Give u(35).
34
Let x(i) = -10*i**2 - 278*i - 202. Calculate x(-27).
14
Let m(r) = -155*r + 1704. Determine m(11).
-1
Let z(w) = -10*w**2 + 109*w - 7. What is z(7)?
266
Let u(w) = w**2 + 30*w + 214. Determine u(-18).
-2
Let v(j) = j**3 - 4*j**2 - 46*j + 19. Determine v(11).
360
Let u(r) = r**2 - 21*r + 106. Determine u(8).
2
Let q(a) = -a**3 + 26*a**2 + 7*a - 169. Calculate q(26).
13
Let n(v) = -7*v**3 - 8*v**2 - 18*v - 5. Give n(-1).
12
Let z(w) = -7*w**